inder when 10384659 is divided by 4744.
43
What is the remainder when 128315 is divided by 2037?
2021
Calculate the remainder when 639364024 is divided by 48.
40
Calculate the remainder when 1504755 is divided by 825.
780
Calculate the remainder when 5778222 is divided by 318.
162
What is the remainder when 37186933 is divided by 59?
0
What is the remainder when 748231 is divided by 7712?
167
Calculate the remainder when 7038419 is divided by 103.
17
What is the remainder when 15888681 is divided by 5296223?
12
What is the remainder when 2298729 is divided by 1628?
1621
Calculate the remainder when 1253411 is divided by 313342.
43
What is the remainder when 14496503 is divided by 4832147?
62
Calculate the remainder when 158793 is divided by 26437.
171
What is the remainder when 93263 is divided by 7147?
352
Calculate the remainder when 5650946 is divided by 384.
2
Calculate the remainder when 512146 is divided by 959.
40
Calculate the remainder when 301404 is divided by 30.
24
What is the remainder when 262650 is divided by 77?
3
Calculate the remainder when 715449545 is divided by 161.
160
What is the remainder when 6225320 is divided by 96?
8
Calculate the remainder when 9805774 is divided by 224.
174
Calculate the remainder when 1824779 is divided by 260531.
1062
Calculate the remainder when 1694400 is divided by 36832.
128
What is the remainder when 1589854 is divided by 2169?
2146
What is the remainder when 28100670 is divided by 25?
20
What is the remainder when 613321 is divided by 1205?
1181
What is the remainder when 161831 is divided by 2509?
1255
Calculate the remainder when 5954080 is divided by 199.
0
What is the remainder when 40115502 is divided by 572?
570
Calculate the remainder when 24650 is divided by 8163.
161
What is the remainder when 2444991 is divided by 43?
11
What is the remainder when 19351304 is divided by 1034?
1028
What is the remainder when 157100 is divided by 44?
20
Calculate the remainder when 27883 is divided by 4862.
3573
What is the remainder when 5394591 is divided by 1501?
1498
Calculate the remainder when 17914047 is divided by 825.
822
What is the remainder when 1016653283 is divided by 12?
11
Calculate the remainder when 3155299 is divided by 50.
49
What is the remainder when 6477432 is divided by 116?
108
Calculate the remainder when 798202 is divided by 313.
52
What is the remainder when 422447811 is divided by 122?
119
What is the remainder when 894268 is divided by 63869?
102
Calculate the remainder when 236729257 is divided by 1907.
1905
What is the remainder when 710530 is divided by 141529?
2885
What is the remainder when 258314 is divided by 129086?
142
Calculate the remainder when 11138291 is divided by 2227651.
36
Calculate the remainder when 26172703 is divided by 887.
881
What is the remainder when 50673320 is divided by 206?
204
What is the remainder when 6849090 is divided by 41?
40
What is the remainder when 102310 is divided by 3788?
34
Calculate the remainder when 327649962 is divided by 17591.
17587
Calculate the remainder when 1439237 is divided by 110.
107
What is the remainder when 2550777 is divided by 119?
12
Calculate the remainder when 70513 is divided by 331.
10
Calculate the remainder when 1817262 is divided by 1156.
30
Calculate the remainder when 149044828 is divided by 1518.
1516
What is the remainder when 34933 is divided by 8356?
1509
What is the remainder when 2900624 is divided by 5143?
5115
Calculate the remainder when 58410 is divided by 19407.
189
What is the remainder when 4876618 is divided by 43?
31
What is the remainder when 964304 is divided by 1330?
54
Calculate the remainder when 61099 is divided by 5554.
5
What is the remainder when 19500574 is divided by 6500188?
10
Calculate the remainder when 809131 is divided by 21866.
89
What is the remainder when 43081641 is divided by 23?
19
What is the remainder when 9089 is divided by 7797?
1292
Calculate the remainder when 1983828 is divided by 533.
2
Calculate the remainder when 18252 is divided by 10.
2
Calculate the remainder when 36333375 is divided by 2419.
2414
Calculate the remainder when 99811 is divided by 340.
191
What is the remainder when 1357863 is divided by 765?
753
What is the remainder when 4090722 is divided by 956?
954
Calculate the remainder when 131511 is divided by 878.
689
Calculate the remainder when 85261 is divided by 41108.
3045
Calculate the remainder when 19527108 is divided by 4881771.
24
Calculate the remainder when 3346302 is divided by 876.
858
Calculate the remainder when 585974 is divided by 214.
42
What is the remainder when 302171 is divided by 59618?
4081
What is the remainder when 22246 is divided by 1278?
520
What is the remainder when 7854068 is divided by 295?
283
Calculate the remainder when 1142127 is divided by 239.
185
Calculate the remainder when 16289 is divided by 414.
143
Calculate the remainder when 1103010 is divided by 2991.
2322
What is the remainder when 195954 is divided by 459?
420
What is the remainder when 236469059 is divided by 19?
18
What is the remainder when 86668 is divided by 170?
138
Calculate the remainder when 254222 is divided by 3737.
106
Calculate the remainder when 11961410 is divided by 1113.
1112
Calculate the remainder when 69777 is divided by 34372.
1033
Calculate the remainder when 15817846 is divided by 493.
434
What is the remainder when 92683 is divided by 671?
85
What is the remainder when 1165147 is divided by 388377?
16
Calculate the remainder when 20629248 is divided by 92.
88
Calculate the remainder when 39480148 is divided by 22483.
0
Calculate the remainder when 3696817 is divided by 142.
131
Calculate the remainder when 164184581 is divided by 1172747.
1
What is the remainder when 913148 is divided by 368?
140
Calculate the remainder when 268072 is divided by 29761.
223
Calculate the remainder when 5077133 is divided by 2307.
1733
Calculate the remainder when 200599 is divided by 22283.
52
Calculate the remainder when 1177284 is divided by 1053.
30
What is the remainder when 34599230 is divided by 79?
74
Calculate the remainder when 2600117827 is divided by 12628.
12627
Calculate the remainder when 51467346 is divided by 10293469.
1
Calculate the remainder when 425394 is divided by 206.
4
Calculate the remainder when 2023398 is divided by 1434.
24
Calculate the remainder when 21867627 is divided by 1002.
981
Calculate the remainder when 620150 is divided by 250.
150
Calculate the remainder when 15285527 is divided by 71763.
8
Calculate the remainder when 10903 is divided by 44.
35
Calculate the remainder when 1751223 is divided by 1059.
696
What is the remainder when 607146 is divided by 202350?
96
What is the remainder when 258843 is divided by 86276?
15
Calculate the remainder when 52022015 is divided by 9.
8
What is the remainder when 16055233 is divided by 144639?
304
What is the remainder when 6243456 is divided by 1856?
1728
What is the remainder when 77417182 is divided by 518?
10
What is the remainder when 8527020 is divided by 147017?
34
Calculate the remainder when 679938 is divided by 396.
6
Calculate the remainder when 4558095 is divided by 647.
627
What is the remainder when 2061624 is divided by 527?
0
Calculate the remainder when 169681132 is divided by 199.
1
What is the remainder when 10108271 is divided by 1698?
77
Calculate the remainder when 86515048 is divided by 1363.
1349
Calculate the remainder when 570074 is divided by 3169.
2823
What is the remainder when 14586984 is divided by 14586983?
1
Calculate the remainder when 2001705 is divided by 333613.
27
Calculate the remainder when 2555254 is divided by 1277625.
4
What is the remainder when 72417 is divided by 6133?
4954
Calculate the remainder when 508936 is divided by 254440.
56
Calculate the remainder when 316340 is divided by 703.
693
Calculate the remainder when 3155502 is divided by 55353.
381
What is the remainder when 11378146 is divided by 124?
30
Calculate the remainder when 882156 is divided by 2471.
9
What is the remainder when 119433 is divided by 474?
459
What is the remainder when 43799804 is divided by 4264?
4260
What is the remainder when 377990 is divided by 609?
410
Calculate the remainder when 1943903 is divided by 1772.
19
What i